 common factor of 121 and r.
11
Let s(q) = 82*q - 235. Let z be s(5). What is the highest common factor of 25 and z?
25
Suppose 2013 = 4*l - p, 4*p + 184 - 1204 = -2*l. Suppose s - l = -4*j, -j + 126 = 6*s - s. What is the greatest common divisor of 14 and j?
14
Let d(b) = b**3 + 19*b**2 + 47*b + 5. Let q be d(-16). Suppose 2*w = -5*s + 7*w + 60, 0 = -5*w + 10. Calculate the highest common divisor of q and s.
7
Let w(a) = -2*a + 11. Let p be w(4). Calculate the highest common factor of p and 33.
3
Let v = -3 + -2. Let d(b) = -12*b - 2. Let g be d(v). Suppose -3*j + g = 5*o - j, 26 = 2*o - 2*j. Calculate the greatest common divisor of o and 60.
12
Let w(o) = -5*o + 121. Let d be w(5). Calculate the highest common divisor of 224 and d.
32
Let g be 25*(-3)/30*-6. Suppose -2*s - g = -3*w, -15 = -3*w + 4*s + s. Let q = 8 + w. Calculate the highest common divisor of 117 and q.
13
Let i be (-48)/18*3/(-2). Let b be (-2)/i + (-671)/(-22). Calculate the highest common factor of 6 and b.
6
Let r(f) = 2*f**2 - 3*f - 1. Let d be r(-2). What is the greatest common factor of 481 and d?
13
Suppose z - 1367 = -4*u, 6 = -z + 3*z. Calculate the highest common divisor of u and 31.
31
Suppose 6 = -2*l - 4*j, -5*j - 9 = -l + 4*l. Let c be 12*(-2)/l - -3. What is the highest common factor of 22 and c?
11
Let k(u) = -u**2 + 12*u - 20. Let h be k(10). Suppose -2*d = 4*x - 42 - 0, h = d - 3*x - 6. Calculate the greatest common divisor of 135 and d.
15
Let y(a) = 2 - 2*a**2 - 3*a**3 - 2*a - 5*a + 10*a. Let l be y(-2). Let u be (-1 + -3)*(-6)/8. What is the highest common divisor of u and l?
3
Suppose 4 = -s, 5*d - 4*s + 2 = -2. Let j(z) = -53*z - 3. Let g be j(d). Let t = -2 + 21. What is the greatest common divisor of g and t?
19
Let n = 3 - 0. Let p(y) be the third derivative of y**6/40 + y**5/20 + y**4/12 - 2*y**3/3 + y**2. Let c be p(n). What is the highest common divisor of c and 11?
11
Let n = 15175 + -23128. Let p be n/(-165) + 2/(-10). Calculate the greatest common divisor of 64 and p.
16
Suppose 9*i - 279 = 54. Calculate the greatest common factor of i and 407.
37
Let x be (-20339)/(-22) + (-6)/(-4) + -1. What is the highest common divisor of 37 and x?
37
Let f(q) = q**3 - 16*q**2 - q + 47. Let t be f(16). Let w(c) = 9*c**2 - 4*c - 4. Let l be w(4). What is the highest common factor of t and l?
31
Let q(l) = l**2 - l - 64. Let o be q(-12). Calculate the greatest common factor of 161 and o.
23
Suppose -157 = 8*h - 781. Let x(s) = 12*s**2 - 4*s - 3. Let r be x(-3). What is the highest common divisor of r and h?
39
Let g(q) = -2*q + 4. Let k be g(-2). Let h = -231 - -999. Let f be -5*(h/15)/(-4). Calculate the highest common factor of f and k.
8
Let s be (-1)/2 - 34/(-4). Suppose 0 = 6*i - i - 3*u - 317, 2*i = -4*u + 132. Calculate the greatest common divisor of s and i.
8
Suppose 0 = 4*z + 3*s + 3, 3*z - 2 - 3 = 5*s. Suppose z = l - 14 - 49. Let o(v) = 12*v - 3. Let n be o(1). Calculate the highest common factor of n and l.
9
Let o = -42 + 44. Suppose 2*v - o*z - 270 = 0, -3*v + 425 = -0*v + z. What is the greatest common factor of v and 35?
35
Let m be 3090/105 - 4/(-7). Let a = -25 + m. Suppose 21 = a*v - 34. What is the highest common factor of 11 and v?
11
Suppose -395 = -5*o + 5*i, 2*o = -0*o + 3*i + 158. Let f = o - 42. Suppose -2*q + f = 11. What is the highest common divisor of 104 and q?
13
Suppose -3*y + 59 + 10 = 0. Let p be (2/2)/(-3 - 3318/(-1104)). What is the greatest common divisor of p and y?
23
Let h = 81 + 243. Calculate the greatest common factor of 24 and h.
12
Suppose 4*y - 4*m - 163 = m, -72 = -y - 5*m. Suppose 4*p - 21 = y. What is the highest common factor of p and 187?
17
Suppose 0 = -4*z - o + 13, 5*z = -0*o + o + 23. Suppose 0 = -3*q - q + 144. What is the highest common factor of q and z?
4
Suppose 3*s + 5*t - 3*t = 6004, -2*s - 2*t = -4006. What is the greatest common factor of s and 74?
74
Let t be (0 + 12/(-10))/((-9)/285). What is the greatest common factor of 8 and t?
2
Suppose 3*s = 6, 3*s + 4 = 4*m - 26. Calculate the greatest common divisor of 873 and m.
9
Let b(n) be the third derivative of 29*n**5/60 + 2*n**3/3 - 10*n**2. Let a be b(-2). Calculate the greatest common divisor of a and 15.
15
Suppose 3*r = -5*s + s - 8, -3*s - 6 = -2*r. Suppose r = -2*a + 3*z, 2*a - 3*a + 3*z = 6. What is the highest common factor of 8 and a?
2
Let c be -292 - -296 - 28/(1 - 3). Let r be 24*(-2 - (-23)/4). What is the greatest common factor of r and c?
18
Suppose 0 = -3*a - 0 + 6. Let s = 4 + a. Let r be (-20)/(-4) + 65 + -61. What is the highest common factor of r and s?
3
Let h(t) = -2*t**3 + 6*t**2 + 5*t - 4. Let u be h(-4). Calculate the greatest common factor of 60 and u.
20
Let n = -12 - -14. Suppose 0 = n*j + j - 300. Calculate the highest common divisor of 40 and j.
20
Let l(b) = -b**3 - 14*b**2 + 35*b + 54. Let t be l(-16). Calculate the highest common divisor of 294 and t.
6
Let p(t) = -t**2 - 6*t + 32. Let o be p(-9). Let s(l) = 20*l + 5. Let r be s(6). Suppose r = 5*b - 0*b. What is the greatest common factor of b and o?
5
Let s = -567 - -569. What is the greatest common divisor of 54 and s?
2
Let t be (-1)/(45/(-15) + (3 - 1)). Let w be (-13 - -30)*(0/t - -7). Calculate the highest common factor of 17 and w.
17
Suppose -7*b + 3*b + 123 = 3*j, 94 = 3*b + 4*j. Let a = -26 + b. What is the highest common divisor of a and 8?
4
Suppose -27 = -37*f + 28*f. Calculate the greatest common factor of f and 2.
1
Suppose -2*f + 8 = -2*k, -4*f + 6 = -3*f + k. Suppose -f = -5*a - 0. Let t be 40*(4 - a)/6. What is the highest common divisor of 30 and t?
10
Suppose 89 + 212 = 43*q. Calculate the greatest common divisor of q and 119.
7
Let g = 29 + 5. Let n be (205/4)/((-2)/(-8)). Suppose 4*i + y = n, i = -4*i + 2*y + 253. What is the highest common factor of g and i?
17
Let h = -2169 - -3359. What is the highest common factor of h and 70?
70
Let b be 187/7 + 4/14. Suppose 24 = 3*y - 54. Let t be (-42)/14*(-1 - y). What is the highest common factor of b and t?
27
Suppose -4*i + 3*d = -2*i - 1065, 0 = 3*i + 3*d - 1560. What is the highest common divisor of i and 300?
75
Let w be (2/4 - 0)*(0 + 30). Let t = 48 - w. Calculate the highest common factor of t and 11.
11
Suppose 4*b = 50 - 2. Let x be 4/(-6)*(7 + -4). Let r be (4/(-6))/(x/36). Calculate the greatest common factor of b and r.
12
Let x(j) = -j**3 + 4*j + 4. Let q be x(-3). What is the greatest common factor of q and 19?
19
Let l be 0/2 - (-4 - -620)/(-4). Suppose -15*w + 112 = -7*w. What is the highest common factor of w and l?
14
Suppose 5*j = 5*a - 25, -2*j = -j + 3*a - 3. Let f(s) = 4*s + 3. Let o be f(j). Let l be 154 - -3*3/o. What is the highest common factor of 17 and l?
17
Let d = -2235 - -2389. What is the greatest common factor of d and 6?
2
Let n(j) = 6*j**2 + 3*j. Suppose -4*w - 9 = -w. Let p be n(w). Let t = 67 - p. Calculate the highest common factor of 11 and t.
11
Let o(k) = k - 7. Let a be o(-5). Let z = a + 27. What is the greatest common divisor of z and 135?
15
Let g(s) = 2*s**2 - 96*s + 294. Let k be g(47). Suppose 7*y - 125 = 2*y. What is the highest common factor of y and k?
25
Let m(o) = 145*o**3 - 4*o**2 + o**2 - 4*o + 8 - 149*o**3. Let v be m(-4). What is the highest common divisor of v and 29?
29
Let n be (-114)/(-3) - (1 + 0). Suppose -69 = 3*p - 297. Let q = p - n. Calculate the greatest common divisor of q and 13.
13
Suppose 10*h - 4*h = 702. Let n be 6058/h + (-4)/(-18). Calculate the greatest common divisor of 4 and n.
4
Let w be 85/(-102) - 9329/(-6). What is the highest common divisor of w and 42?
42
Suppose 4*r + 19 - 63 = 0. Let x(z) = z**3 - 2*z**2 - 10. Let j be x(4). Suppose -8*s + j = -7*s. Calculate the greatest common factor of s and r.
11
Let m = 409 - 310. Calculate the highest common divisor of m and 11.
11
Let g(f) = 3*f**2 - 6*f - 2. Let c = -89 + 95. Let x be g(c). Calculate the highest common factor of x and 28.
14
Let v be 32/(-176) - 224/(-22). Suppose 2*k - 93 = 7. What is the greatest common factor of v and k?
10
Let d be 2 + 0/(-3) + 13. Suppose -s + 0*s + 2*i = 1, 3*s - 18 = -i. What is the greatest common factor of d and s?
5
Let l(d) = 37*d + 1. Let q = -11 + 14. Let u be l(q). Suppose 4*f - 93 + 29 = 0. What is the highest comm